at is 5 + -123?
-115
In base 13, what is -81 + -1?
-82
In base 4, what is 2313 + 133?
3112
In base 16, what is -85 + 1d?
-68
In base 14, what is -19 + -347?
-362
In base 14, what is 10 + 24?
34
In base 10, what is 11 - 63?
-52
In base 7, what is 155 - -200?
355
In base 5, what is -23 + 4?
-14
In base 3, what is 201 + -120?
11
In base 10, what is -6 - -105?
99
In base 3, what is -21221 - 211?
-22202
In base 13, what is -40 + 0?
-40
In base 7, what is -341 + 6?
-332
In base 14, what is 73 + a?
7d
In base 12, what is -2b0 + b?
-2a1
In base 10, what is 300 - -5?
305
In base 6, what is -24 + 1?
-23
In base 7, what is -1 + 635?
634
In base 14, what is 4 + dd?
103
In base 13, what is -2 - 36c?
-371
In base 7, what is 50 - 13?
34
In base 7, what is -501 + -5?
-506
In base 5, what is -114 - -1?
-113
In base 14, what is 199 - -2?
19b
In base 16, what is -3 - -7?
4
In base 6, what is 5 - -445?
454
In base 9, what is -346 - -2?
-344
In base 3, what is 2 + -212?
-210
In base 3, what is 11 - -122?
210
In base 2, what is 101 + -1011001?
-1010100
In base 16, what is 3 - 26?
-23
In base 7, what is 1421 + -1?
1420
In base 13, what is 5 + 3?
8
In base 14, what is 1471 + 1?
1472
In base 4, what is 22232 + 3?
22301
In base 13, what is 6b5 + -4?
6b1
In base 9, what is 1 + 50?
51
In base 9, what is -54 - 4?
-58
In base 10, what is 3 + 87?
90
In base 15, what is -3 - -1b?
18
In base 14, what is -3 - 1c1c?
-1c21
In base 3, what is 1001110 + 0?
1001110
In base 7, what is -505 - -1?
-504
In base 15, what is 1aa6 + 4?
1aaa
In base 4, what is -1 - 203?
-210
In base 16, what is -26 + -3?
-29
In base 9, what is -520 + 6?
-513
In base 8, what is 3144 - 3?
3141
In base 6, what is 3534 + 3?
3541
In base 12, what is 3 + -108?
-105
In base 5, what is -44 + 44?
0
In base 9, what is -41 - 18?
-60
In base 14, what is 5 + 205?
20a
In base 3, what is -2121 + -10120?
-20011
In base 2, what is -100 + -10111?
-11011
In base 15, what is 313 - -1?
314
In base 9, what is -2 + 203?
201
In base 13, what is 4 - -3a?
41
In base 10, what is 10425 - -1?
10426
In base 12, what is -17 + 208?
1b1
In base 8, what is 3701 + -2?
3677
In base 6, what is 3 + 11031?
11034
In base 3, what is -12101 + 21?
-12010
In base 8, what is -16 + 23?
5
In base 13, what is 39 + 25?
61
In base 10, what is 9102 + 5?
9107
In base 15, what is 397 + d?
3a5
In base 2, what is -1010 - -1010100?
1001010
In base 15, what is -8 - -c6?
bd
In base 3, what is 102 + -120?
-11
In base 11, what is -11 + 1016?
1005
In base 6, what is 5 - 3514?
-3505
In base 11, what is 286 + 15?
2a0
In base 5, what is 11 + 100332?
100343
In base 11, what is -40 + 16?
-25
In base 6, what is 20405 - 0?
20405
In base 12, what is -6 + 91?
87
In base 6, what is 0 + 10?
10
In base 10, what is 15 + -7?
8
In base 5, what is -331 - 10?
-341
In base 8, what is -4 + 402?
376
In base 15, what is -80 + -3?
-83
In base 7, what is -1 - 14?
-15
In base 7, what is 66 + 45?
144
In base 5, what is 341 + 200?
1041
In base 6, what is 21 - -33?
54
In base 3, what is 101 + -122011?
-121210
In base 6, what is -2 + 205?
203
In base 8, what is -424 + 2?
-422
In base 14, what is -286 + -3?
-289
In base 9, what is 13 + -4?
8
In base 4, what is -102 - 1201?
-1303
In base 4, what is -13122 - -3?
-13113
In base 3, what is 1 + 2101220?
2101221
In base 3, what is -11 + 2020?
2002
In base 14, what is 3 + -1827?
-1824
In base 2, what is -100100001 + 101?
-100011100
In base 2, what is -111 + 100001101111?
100001101000
In base 2, what is 1000 - 10?
110
In base 5, what is -22002 - -14?
-21433
In base 4, what is -2220030 - -2?
-2220022
In base 16, what is -32 - 4?
-36
In base 15, what is 105 + 6?
10b
In base 16, what is -13 - 2?
-15
In base 7, what is -25 - 1?
-26
In base 14, what is -5 - 99?
-a0
In base 12, what is 7 + 76?
81
In base 15, what is -3c - -3?
-39
In base 3, what is 0 + 21210?
21210
In base 10, what is 417 + -3?
414
In base 16, what is 15 - 88?
-73
In base 16, what is -4 + 10c?
108
In base 14, what is -28 + 6?
-22
In base 14, what is 1 + -10?
-d
In base 2, what is -10100011 - -101?
-10011110
In base 2, what is 11011 - -1010?
100101
In base 11, what is 7a - -5?
84
In base 13, what is 3b - 23?
18
In base 6, what is 5 + 204?
213
In base 3, what is 21 + 1100?
1121
In base 9, what is -6 + 7?
1
In base 14, what is c9 - -3?
cc
In base 9, what is 125 + 4?
130
In base 2, what is 11 + 100101001?
100101100
In base 4, what is -2 + -2221?
-2223
In base 2, what is -101 + -10011101101110?
-10011101110011
In base 12, what is -5 - -265?
260
In base 3, what is 12 - -1220112?
1220201
In base 9, what is 1008 + -1?
1007
In base 13, what is -6 - -a1?
98
In base 6, what is 1145 + 0?
1145
In base 10, what is 829 + -3?
826
In base 14, what is 4 + -1528?
-1524
In base 7, what is 3 - -124?
130
In base 7, what is -2133 + 1?
-2132
In base 15, what is -5 - -10?
a
In base 9, what is -22 - 316?
-338
In base 16, what is -14f6 + 1?
-14f5
In base 6, what is 0 + 22424?
22424
In base 7, what is 0 + -35?
-35
In base 9, what is 14 + -77?
-63
In base 4, what is 2203 + 1?
2210
In base 9, what is -380 + 0?
-380
In base 10, what is -2 + 244?
242
In base 12, what is 5b4 + 5?
5b9
In base 8, what is -11 - -520?
507
In base 10, what is -64 - 379?
-443
In base 2, what is 11 + -1001110?
-1001011
In base 14, what is 3 - 1dd?
-1da
In base 8, what is 53 - 3?
50
In base 14, what is -9 - -1012?
1007
In base 5, what is -4022 - -2?
-4020
In base 8, what is 0 - 2424?
-2424
In base 2, what is 101 + 101101?
110010
In base 15, what is -c13 - -3?
-c10
In base 13, what is -2 + 40?
3b
In base 4, what is 103 - -13?
122
In base 8, what is 5 - 326?
-321
In base 8, what is -2 - -2451?
2447
In base 14, what is -4b + -1?
-4c
In base 8, what is -477 - -33?
-444
In base 12, what is -19 + -3?
-20
In base 10, what is -15 - -49?
34
In base 10, what is -267 + -1?
-268
In base 14, what is 1c + 88?
a6
In base 10, what is -5 + -35?
-40
In base 2, what is -1111 - 1100111?
-1110110
In base 3, what is -21221 + 12?
-21202
In base 3, what is -100 + 22022?
21222
In base 12, what is -244 - -9?
-237
In base 5, what is 2 - -122224?
122231
In base 15, what is 8e - 4?
8a
In base 7, what is -34 - -661?
624
In base 6, what is 221 + -5?
212
In base 9, what is -1 - 0?
-1
In base 2, what is -1 - 10000001?
-10000010
In base 15, what is 6 - 5?
1
In base 5, what is -4 + 120?
111
In base 11, what is 111 + 21?
132
In base 14, what is a2 - -5b?
11d
In base 4, what is -2 - 1021?
-1023
In base 12, what is -3 + 6a8?
6a5
In base 9, what is -4 + 17?
13
In base 7, what is 403 - -34?
440
In base 3, what is 20 + -2220?
-2200
In base 2, what is -1000101010 + 100?
-1000100110
In base 12, what is -4 - a6?
-aa
In base 11, what is -1a9 + -4?
-202
In base 2, what is 110001 - 11100101?
-10110100
In base 5, what is -4 + 231242?
231233
In base 11, what is -30 + -4?
-34
In base 11, what is 3 + -126?
-123
In base 11, what is 1290 + 0?
1290
In base 8, what is 5 - -27?
34
In base 5, what is 13 + 32?
100
In base 5, what is -332 - 11?
-343
In base 8, what is -4 + -112?
-116
In base 13, what is 0 + -178?
-178
In base 4, what is 3322 - 2?
3320
In base 12, what is 4ba8 - -1?
4ba9
In base 13, what is -3 - -56?
53
In base 13, what is 1 + -b4?
-b3
In base 3, what is -10 + -120201?
-120211
In base 10, what is -11 - -48?
37
In base 3, what is 10 + 100?
110
In base 8, what is -170 + -3?
-173
In base 10, what is 1 + -145?
-144
In base 11, what is 5 + -251a?
-2515
In base 15, what is -1 + 5bd?
5bc
In base 7, what is -4 + -50?
-54
In base 12, what is -72 + a?
-64
In base 12, what is 205 - 28?
199
In base 11, what is 0 + 2569?
2569
In base 8, what is -4 + 306?
302
In base 9, what is 11 + 442?
453
In base 3, what is 2 - 2220211?
-2220202
In base 15, what is a + -c9?
-be
In base 5, what is 41411 - 2?
41404
In base 11, what is 1034 - 0?
1034
In base 14, what is 205 + -8?
1db
In base 11, what is -8 + 96?
89
In base 11, what is -8848 + 4?
-8844
In base 6, what is 225 + 2?
231
In base 6, what is -1 - -135?
134
In base 11, what is -2 - 3670?
-3672
In base 9, what is -3 - -304?
301
In base 14, what is -3 - 154?
-157
In base 8, what is -6 - -16?
10
In base 13, what is 7 - -1a18?
1a22
In base 16, what is -1 + -23?
-24
In base 11, what is 3 - -6?
9
In base 9, what is 2770 + 1?
2771
In base 5, what is -1330 - 12?
-1